{"id":283,"date":"2018-04-16T20:38:07","date_gmt":"2018-04-16T20:38:07","guid":{"rendered":"http:\/\/www.taouret.fr\/?page_id=283"},"modified":"2020-09-24T14:26:05","modified_gmt":"2020-09-24T14:26:05","slug":"presentation-de-celia","status":"publish","type":"page","link":"https:\/\/www.taouret.fr\/?page_id=283","title":{"rendered":"Pr\u00e9sentation de C\u00e9lia"},"content":{"rendered":"<p><img loading=\"lazy\" decoding=\"async\" class=\"alignright  wp-image-628\" src=\"http:\/\/www.taouret.fr\/wp-content\/uploads\/2020\/09\/Vrac0004-scaled.jpg\" alt=\"\" width=\"263\" height=\"394\" srcset=\"https:\/\/www.taouret.fr\/wp-content\/uploads\/2020\/09\/Vrac0004-scaled.jpg 1709w, https:\/\/www.taouret.fr\/wp-content\/uploads\/2020\/09\/Vrac0004-200x300.jpg 200w, https:\/\/www.taouret.fr\/wp-content\/uploads\/2020\/09\/Vrac0004-684x1024.jpg 684w, https:\/\/www.taouret.fr\/wp-content\/uploads\/2020\/09\/Vrac0004-768x1150.jpg 768w, https:\/\/www.taouret.fr\/wp-content\/uploads\/2020\/09\/Vrac0004-1026x1536.jpg 1026w, https:\/\/www.taouret.fr\/wp-content\/uploads\/2020\/09\/Vrac0004-1367x2048.jpg 1367w\" sizes=\"auto, (max-width: 263px) 100vw, 263px\" \/><br \/>\nJe suis C\u00e9lia.<\/p>\n<p><img loading=\"lazy\" decoding=\"async\" class=\"wp-image-295 alignleft\" src=\"http:\/\/www.taouret.fr\/wp-content\/uploads\/2018\/04\/image11.jpg\" alt=\"\" width=\"295\" height=\"197\" srcset=\"https:\/\/www.taouret.fr\/wp-content\/uploads\/2018\/04\/image11.jpg 640w, https:\/\/www.taouret.fr\/wp-content\/uploads\/2018\/04\/image11-300x200.jpg 300w\" sizes=\"auto, (max-width: 295px) 100vw, 295px\" \/><\/p>\n<p>J&rsquo;ai 37 ans et je suis Maman de 4 enfants : Mathis (2005) , Camille ( 2009) , Gabriel(2013), No\u00e9mie(2015). Ils sont tous n\u00e9s par c\u00e9sarienne !<\/p>\n<p><img loading=\"lazy\" decoding=\"async\" class=\"wp-image-299 alignleft\" src=\"http:\/\/www.taouret.fr\/wp-content\/uploads\/2018\/04\/image15.jpg\" alt=\"\" width=\"211\" height=\"375\" srcset=\"https:\/\/www.taouret.fr\/wp-content\/uploads\/2018\/04\/image15.jpg 540w, https:\/\/www.taouret.fr\/wp-content\/uploads\/2018\/04\/image15-169x300.jpg 169w\" sizes=\"auto, (max-width: 211px) 100vw, 211px\" \/><\/p>\n<p>J&rsquo;ai d\u00e9couvert le portage d\u00e8s la naissance de Mathis Avec un mauvais Porte-b\u00e9b\u00e9 et \u00e0 Bras. Pour Camille j&rsquo;ai achet\u00e9 une \u00e9charpe et me suis content\u00e9 de faire comme sur la notice. Gabriel est arriv\u00e9 avec plusieurs probl\u00e8mes de sant\u00e9 et il souffrait beaucoup. Comme je devais aussi m&rsquo;occuper de son fr\u00e8re et de sa soeur je me suis mieux renseign\u00e9e et j&rsquo;ai investi dans diff\u00e9rents Porte-b\u00e9b\u00e9 : Sling , Mei tei, pr\u00e9form\u00e9, Echarpe Je Porte Mon B\u00e9b\u00e9 (jpmbb) et tiss\u00e9e. Cela m&rsquo;a beaucoup aid\u00e9, soulag\u00e9 et rassur\u00e9e. J&rsquo;ai arr\u00eat\u00e9 le portage vers 26 mois car j&rsquo;\u00e9tais en menace d&rsquo;accouchement pr\u00e9matur\u00e9, enceinte de 6 mois.<\/p>\n<p>Avec No\u00e9mie c&rsquo;\u00e9tait si simple que j&rsquo;ai voulu me former au portage avec l&rsquo;association Transmettre Ensemble Le Portage (TELP) pour pouvoir transmettre et aider les parents. Le portage m&rsquo;a tellement apport\u00e9 que j&rsquo;avais envie de le partager.<\/p>\n<p><img loading=\"lazy\" decoding=\"async\" class=\"wp-image-297 alignleft\" src=\"http:\/\/www.taouret.fr\/wp-content\/uploads\/2018\/04\/image13.jpg\" alt=\"\" width=\"529\" height=\"353\" srcset=\"https:\/\/www.taouret.fr\/wp-content\/uploads\/2018\/04\/image13.jpg 640w, https:\/\/www.taouret.fr\/wp-content\/uploads\/2018\/04\/image13-300x200.jpg 300w\" sizes=\"auto, (max-width: 529px) 100vw, 529px\" \/>J&rsquo;ai un CAP petite enfance et j&rsquo;esp\u00e8re me former d&rsquo;ici quelques temps pour devenir auxiliaire de pu\u00e9riculture ce qui me permettrais d&rsquo;aider encore plus les jeunes parents.<\/p>\n<p>Le portage est devenu si important pour moi que j&rsquo;ai d\u00e9cid\u00e9 aussi de devenir coordinatrice de l&rsquo;association TELP pour la r\u00e9gion Centre, c&rsquo;est-\u00e0-dire organiser des formations de monitrice mais aussi organiser des formations \u00e0 th\u00e8me pour les monitrices tel que la pr\u00e9maturit\u00e9, les noeuds, etc.<\/p>\n<p><img loading=\"lazy\" decoding=\"async\" class=\"wp-image-296 aligncenter\" src=\"http:\/\/www.taouret.fr\/wp-content\/uploads\/2018\/04\/image12.jpg\" alt=\"\" width=\"421\" height=\"281\" srcset=\"https:\/\/www.taouret.fr\/wp-content\/uploads\/2018\/04\/image12.jpg 640w, https:\/\/www.taouret.fr\/wp-content\/uploads\/2018\/04\/image12-300x200.jpg 300w\" sizes=\"auto, (max-width: 421px) 100vw, 421px\" \/><\/p>\n<p>J&rsquo;habitais le 93 il y a encore quelques temps et depuis le 1 er avril j&rsquo;ai d\u00e9m\u00e9nag\u00e9 \u00e0 c\u00f4t\u00e9 de Bonneval \u00e0 Vilsix, un hameau du Pre Saint Evroult.<\/p>\n<p><a href=\"mailto:celia@taouret.fr\">celia@taouret.fr<\/a><\/p>\n<p><img loading=\"lazy\" decoding=\"async\" class=\"wp-image-293 alignleft\" src=\"http:\/\/www.taouret.fr\/wp-content\/uploads\/2018\/04\/image9.jpg\" alt=\"\" width=\"433\" height=\"289\" srcset=\"https:\/\/www.taouret.fr\/wp-content\/uploads\/2018\/04\/image9.jpg 640w, https:\/\/www.taouret.fr\/wp-content\/uploads\/2018\/04\/image9-300x200.jpg 300w\" sizes=\"auto, (max-width: 433px) 100vw, 433px\" \/><\/p>\n","protected":false},"excerpt":{"rendered":"<p>Je suis C\u00e9lia. J&rsquo;ai 37 ans et je suis Maman de 4 enfants : Mathis (2005) , Camille ( 2009) , Gabriel(2013), No\u00e9mie(2015). Ils sont tous n\u00e9s par c\u00e9sarienne ! J&rsquo;ai d\u00e9couvert le portage d\u00e8s la naissance de Mathis Avec un mauvais Porte-b\u00e9b\u00e9 et \u00e0 Bras. Pour Camille j&rsquo;ai achet\u00e9 une \u00e9charpe et me suis&#8230;<\/p>\n","protected":false},"author":1,"featured_media":0,"parent":0,"menu_order":0,"comment_status":"closed","ping_status":"closed","template":"","meta":{"footnotes":""},"class_list":["post-283","page","type-page","status-publish","hentry"],"_links":{"self":[{"href":"https:\/\/www.taouret.fr\/index.php?rest_route=\/wp\/v2\/pages\/283","targetHints":{"allow":["GET"]}}],"collection":[{"href":"https:\/\/www.taouret.fr\/index.php?rest_route=\/wp\/v2\/pages"}],"about":[{"href":"https:\/\/www.taouret.fr\/index.php?rest_route=\/wp\/v2\/types\/page"}],"author":[{"embeddable":true,"href":"https:\/\/www.taouret.fr\/index.php?rest_route=\/wp\/v2\/users\/1"}],"replies":[{"embeddable":true,"href":"https:\/\/www.taouret.fr\/index.php?rest_route=%2Fwp%2Fv2%2Fcomments&post=283"}],"version-history":[{"count":14,"href":"https:\/\/www.taouret.fr\/index.php?rest_route=\/wp\/v2\/pages\/283\/revisions"}],"predecessor-version":[{"id":668,"href":"https:\/\/www.taouret.fr\/index.php?rest_route=\/wp\/v2\/pages\/283\/revisions\/668"}],"wp:attachment":[{"href":"https:\/\/www.taouret.fr\/index.php?rest_route=%2Fwp%2Fv2%2Fmedia&parent=283"}],"curies":[{"name":"wp","href":"https:\/\/api.w.org\/{rel}","templated":true}]}}

Présentation de Célia

<p><img loading="lazy" decoding="async" class="alignright  wp-image-628" src="http://www.taouret.fr/wp-content/uploads/2020/09/Vrac0004-scaled.jpg" alt="" width="263" height="394" srcset="https://www.taouret.fr/wp-content/uploads/2020/09/Vrac0004-scaled.jpg 1709w, https://www.taouret.fr/wp-content/uploads/2020/09/Vrac0004-200x300.jpg 200w, https://www.taouret.fr/wp-content/uploads/2020/09/Vrac0004-684x1024.jpg 684w, https://www.taouret.fr/wp-content/uploads/2020/09/Vrac0004-768x1150.jpg 768w, https://www.taouret.fr/wp-content/uploads/2020/09/Vrac0004-1026x1536.jpg 1026w, https://www.taouret.fr/wp-content/uploads/2020/09/Vrac0004-1367x2048.jpg 1367w" sizes="auto, (max-width: 263px) 100vw, 263px" /><br />
Je suis Célia.</p>
<p><img loading="lazy" decoding="async" class="wp-image-295 alignleft" src="http://www.taouret.fr/wp-content/uploads/2018/04/image11.jpg" alt="" width="295" height="197" srcset="https://www.taouret.fr/wp-content/uploads/2018/04/image11.jpg 640w, https://www.taouret.fr/wp-content/uploads/2018/04/image11-300x200.jpg 300w" sizes="auto, (max-width: 295px) 100vw, 295px" /></p>
<p>J&rsquo;ai 37 ans et je suis Maman de 4 enfants : Mathis (2005) , Camille ( 2009) , Gabriel(2013), Noémie(2015). Ils sont tous nés par césarienne !</p>
<p><img loading="lazy" decoding="async" class="wp-image-299 alignleft" src="http://www.taouret.fr/wp-content/uploads/2018/04/image15.jpg" alt="" width="211" height="375" srcset="https://www.taouret.fr/wp-content/uploads/2018/04/image15.jpg 540w, https://www.taouret.fr/wp-content/uploads/2018/04/image15-169x300.jpg 169w" sizes="auto, (max-width: 211px) 100vw, 211px" /></p>
<p>J&rsquo;ai découvert le portage dès la naissance de Mathis Avec un mauvais Porte-bébé et à Bras. Pour Camille j&rsquo;ai acheté une écharpe et me suis contenté de faire comme sur la notice. Gabriel est arrivé avec plusieurs problèmes de santé et il souffrait beaucoup. Comme je devais aussi m&rsquo;occuper de son frère et de sa soeur je me suis mieux renseignée et j&rsquo;ai investi dans différents Porte-bébé : Sling , Mei tei, préformé, Echarpe Je Porte Mon Bébé (jpmbb) et tissée. Cela m&rsquo;a beaucoup aidé, soulagé et rassurée. J&rsquo;ai arrêté le portage vers 26 mois car j&rsquo;étais en menace d&rsquo;accouchement prématuré, enceinte de 6 mois.</p>
<p>Avec Noémie c&rsquo;était si simple que j&rsquo;ai voulu me former au portage avec l&rsquo;association Transmettre Ensemble Le Portage (TELP) pour pouvoir transmettre et aider les parents. Le portage m&rsquo;a tellement apporté que j&rsquo;avais envie de le partager.</p>
<p><img loading="lazy" decoding="async" class="wp-image-297 alignleft" src="http://www.taouret.fr/wp-content/uploads/2018/04/image13.jpg" alt="" width="529" height="353" srcset="https://www.taouret.fr/wp-content/uploads/2018/04/image13.jpg 640w, https://www.taouret.fr/wp-content/uploads/2018/04/image13-300x200.jpg 300w" sizes="auto, (max-width: 529px) 100vw, 529px" />J&rsquo;ai un CAP petite enfance et j&rsquo;espère me former d&rsquo;ici quelques temps pour devenir auxiliaire de puériculture ce qui me permettrais d&rsquo;aider encore plus les jeunes parents.</p>
<p>Le portage est devenu si important pour moi que j&rsquo;ai décidé aussi de devenir coordinatrice de l&rsquo;association TELP pour la région Centre, c&rsquo;est-à-dire organiser des formations de monitrice mais aussi organiser des formations à thème pour les monitrices tel que la prématurité, les noeuds, etc.</p>
<p><img loading="lazy" decoding="async" class="wp-image-296 aligncenter" src="http://www.taouret.fr/wp-content/uploads/2018/04/image12.jpg" alt="" width="421" height="281" srcset="https://www.taouret.fr/wp-content/uploads/2018/04/image12.jpg 640w, https://www.taouret.fr/wp-content/uploads/2018/04/image12-300x200.jpg 300w" sizes="auto, (max-width: 421px) 100vw, 421px" /></p>
<p>J&rsquo;habitais le 93 il y a encore quelques temps et depuis le 1 er avril j&rsquo;ai déménagé à côté de Bonneval à Vilsix, un hameau du Pre Saint Evroult.</p>
<p><a href="mailto:celia@taouret.fr">celia@taouret.fr</a></p>
<p><img loading="lazy" decoding="async" class="wp-image-293 alignleft" src="http://www.taouret.fr/wp-content/uploads/2018/04/image9.jpg" alt="" width="433" height="289" srcset="https://www.taouret.fr/wp-content/uploads/2018/04/image9.jpg 640w, https://www.taouret.fr/wp-content/uploads/2018/04/image9-300x200.jpg 300w" sizes="auto, (max-width: 433px) 100vw, 433px" /></p>

<p>Je suis Célia. J&rsquo;ai 37 ans et je suis Maman de 4 enfants : Mathis (2005) , Camille ( 2009) , Gabriel(2013), Noémie(2015). Ils sont tous nés par césarienne ! J&rsquo;ai découvert le portage dès la naissance de Mathis Avec un mauvais Porte-bébé et à Bras. Pour Camille j&rsquo;ai acheté une écharpe et me suis&#8230;</p>
