{"id":125,"date":"2018-03-08T20:24:31","date_gmt":"2018-03-08T20:24:31","guid":{"rendered":"http:\/\/www.taouret.fr\/?page_id=125"},"modified":"2020-09-24T14:25:01","modified_gmt":"2020-09-24T14:25:01","slug":"presentation-de-benedicte","status":"publish","type":"page","link":"https:\/\/www.taouret.fr\/?page_id=125","title":{"rendered":"Pr\u00e9sentation de B\u00e9n\u00e9dicte"},"content":{"rendered":"<p><img loading=\"lazy\" decoding=\"async\" class=\"alignright  wp-image-632\" src=\"http:\/\/www.taouret.fr\/wp-content\/uploads\/2020\/09\/Vrac0008-scaled.jpg\" alt=\"\" width=\"280\" height=\"420\" srcset=\"https:\/\/www.taouret.fr\/wp-content\/uploads\/2020\/09\/Vrac0008-scaled.jpg 1709w, https:\/\/www.taouret.fr\/wp-content\/uploads\/2020\/09\/Vrac0008-200x300.jpg 200w, https:\/\/www.taouret.fr\/wp-content\/uploads\/2020\/09\/Vrac0008-684x1024.jpg 684w, https:\/\/www.taouret.fr\/wp-content\/uploads\/2020\/09\/Vrac0008-768x1150.jpg 768w, https:\/\/www.taouret.fr\/wp-content\/uploads\/2020\/09\/Vrac0008-1026x1536.jpg 1026w, https:\/\/www.taouret.fr\/wp-content\/uploads\/2020\/09\/Vrac0008-1367x2048.jpg 1367w\" sizes=\"auto, (max-width: 280px) 100vw, 280px\" \/><\/p>\n<p><span style=\"font-weight: 400;\"><img loading=\"lazy\" decoding=\"async\" class=\" wp-image-126 alignleft\" src=\"http:\/\/www.taouret.fr\/wp-content\/uploads\/2018\/03\/Capture-d\u2019\u00e9cran-2018-03-08-\u00e0-21.17.29.png\" alt=\"\" width=\"169\" height=\"212\" \/>Je suis B\u00e9n\u00e9dicte, 43 ans, maman de Gabin n\u00e9 en 2015.<\/span><\/p>\n<p><span style=\"font-weight: 400;\">Pu\u00e9ricultrice de formation, je me suis toujours int\u00e9ress\u00e9e dans ma pratique aux liens parents-enfants, \u00e0 ce qui aide \u00e0 les mettre en place ou au contraire rend ces liens difficiles \u00e0 \u00e9tablir.<\/span><\/p>\n<p><span style=\"font-weight: 400;\">C&rsquo;est d&rsquo;abord le massage qui est entr\u00e9 dans mes pratiques, pour le \u00a0bien-\u00eatre des b\u00e9b\u00e9s pr\u00e9matur\u00e9s aupr\u00e8s desquels j&rsquo;exer\u00e7ais \u00e0 l&rsquo;\u00e9poque, avec surtout l&rsquo;envie de transmettre aux p<\/span><span style=\"font-weight: 400;\">arents cet outil qui viendrait renforcer leur sentiment de comp\u00e9tence parentale, sentiment souvent malmen\u00e9.<\/span><\/p>\n<p><span style=\"font-weight: 400;\">Au fil de diverses formations professionnelles, mes convictions personnelles se sont renforc\u00e9es.<\/span><\/p>\n<p><span style=\"font-weight: 400;\">C&rsquo;est donc tout naturellement que pendant ma grossesse, j&rsquo;ai voulu en savoir plus sur le portage physiologique. Internet est une\u00a0<\/span><img loading=\"lazy\" decoding=\"async\" class=\"wp-image-127 alignright\" src=\"http:\/\/www.taouret.fr\/wp-content\/uploads\/2018\/03\/Capture-d\u2019\u00e9cran-2018-03-08-\u00e0-21.17.38.png\" alt=\"\" width=\"178\" height=\"242\" \/><br \/>\n<span style=\"font-weight: 400;\">mine d&rsquo;or, mais j&rsquo;avais aussi besoin de\u00a0<\/span><span style=\"font-weight: 400;\">choses concr\u00e8tes, pas uniquement de vid\u00e9os.<\/span><\/p>\n<p><span style=\"font-weight: 400;\">C&rsquo;est l\u00e0 que j&rsquo;ai d\u00e9couvert Ta Ouret, qui \u00e0 l&rsquo;\u00e9poque ne proposait plus d&rsquo;atelier mais a pu m&rsquo;orienter vers une monitrice. <\/span><\/p>\n<p><span style=\"font-weight: 400;\">A la naissance de Gabin, le bien-\u00eatre ressenti tant par lui que par nous, ces moments de partage, de douceur, nous ont \u00e9t\u00e9 tr\u00e8s pr\u00e9cieux. Port\u00e9 en \u00e9charpe et slings tricot\u00e9s, d\u00e8s la maternit\u00e9, le c\u00f4t\u00e9 pratique du portage \u00e9tait lui aussi bien pr\u00e9sent : comme c&rsquo;est confortable de r\u00e9pondre au besoin de proximit\u00e9 de mon b\u00e9b\u00e9 tout en\u00a0<\/span><span style=\"font-weight: 400;\">pouvant continuer \u00e0 vaquer \u00e0 mes activit\u00e9s !<\/span><\/p>\n<p><img loading=\"lazy\" decoding=\"async\" class=\"alignleft wp-image-128\" src=\"http:\/\/www.taouret.fr\/wp-content\/uploads\/2018\/03\/Capture-d\u2019\u00e9cran-2018-03-08-\u00e0-21.17.46.png\" alt=\"\" width=\"121\" height=\"219\" \/><br \/>\n<span style=\"font-weight: 400;\">Nous avons ensuit<\/span>e d\u00e9couvert les \u00e9charpes tiss\u00e9es, mais aussi les pr\u00e9form\u00e9s qui ont conquis le papa, r\u00e9ticent et inquiet face aux n\u0153uds, les porte-b\u00e9b\u00e9s d&rsquo;inspiration asiatique qui m&rsquo;ont rassur\u00e9 pour installer mon fils en dorsal lorsque celui-ci a voulu d\u00e9couvrir plus le monde environnant&#8230;<\/p>\n<p><span style=\"font-weight: 400;\">Au fil des mois, le portage est devenu passion : d\u00e9couverte des mati\u00e8res et tissages, leurs sp\u00e9cificit\u00e9s, les diff\u00e9rentes marques et leurs histoires, rencontres entre parents porteurs qui permettent des \u00e9changes souvent riches.<\/span><\/p>\n<p><span style=\"font-weight: 400;\">Aujourd&rsquo;hui, mon fils grandissant, le portage se fait plus rare, r\u00e9serv\u00e9 \u00e0 des moments c\u00e2lins ou aux longues promenades.<\/span><\/p>\n<p><span style=\"font-weight: 400;\">Bien que je n&rsquo;exerce plus en tant que pu\u00e9ricultrice, l&rsquo;envie de transmission est toujours pr\u00e9sente, j&rsquo;ai souvent r\u00e9pondu et avec plaisir aux demandes de mes proches, mes amis ou connaissances.<\/span><\/p>\n<p><span style=\"font-weight: 400;\">Il m&rsquo;a donc paru presque naturel de me former pour devenir monitrice, pouvoir transmettre, avec des bases solides<\/span><img loading=\"lazy\" decoding=\"async\" class=\"wp-image-129 alignright\" src=\"http:\/\/www.taouret.fr\/wp-content\/uploads\/2018\/03\/Capture-d\u2019\u00e9cran-2018-03-08-\u00e0-21.17.53.png\" alt=\"\" width=\"168\" height=\"225\" \/><span style=\"font-weight: 400;\">\u00a0(pas uniquement m<\/span><span style=\"font-weight: 400;\">es connaissances de maman).<\/span><\/p>\n<p><span style=\"font-weight: 400;\">Je suis form\u00e9e au portage avec Transmettre Ensemble le Portage et esp\u00e8re promouvoir le portage aupr\u00e8s de nombreux parents.<\/span><\/p>\n<p><a href=\"mailto:benedicte@taouret.fr\">benedicte@taouret.fr<\/a><\/p>\n","protected":false},"excerpt":{"rendered":"<p>Je suis B\u00e9n\u00e9dicte, 43 ans, maman de Gabin n\u00e9 en 2015. Pu\u00e9ricultrice de formation, je me suis toujours int\u00e9ress\u00e9e dans ma pratique aux liens parents-enfants, \u00e0 ce qui aide \u00e0 les mettre en place ou au contraire rend ces liens difficiles \u00e0 \u00e9tablir. C&rsquo;est d&rsquo;abord le massage qui est entr\u00e9 dans mes pratiques, pour le&#8230;<\/p>\n","protected":false},"author":1,"featured_media":0,"parent":0,"menu_order":0,"comment_status":"closed","ping_status":"closed","template":"","meta":{"footnotes":""},"class_list":["post-125","page","type-page","status-publish","hentry"],"_links":{"self":[{"href":"https:\/\/www.taouret.fr\/index.php?rest_route=\/wp\/v2\/pages\/125","targetHints":{"allow":["GET"]}}],"collection":[{"href":"https:\/\/www.taouret.fr\/index.php?rest_route=\/wp\/v2\/pages"}],"about":[{"href":"https:\/\/www.taouret.fr\/index.php?rest_route=\/wp\/v2\/types\/page"}],"author":[{"embeddable":true,"href":"https:\/\/www.taouret.fr\/index.php?rest_route=\/wp\/v2\/users\/1"}],"replies":[{"embeddable":true,"href":"https:\/\/www.taouret.fr\/index.php?rest_route=%2Fwp%2Fv2%2Fcomments&post=125"}],"version-history":[{"count":8,"href":"https:\/\/www.taouret.fr\/index.php?rest_route=\/wp\/v2\/pages\/125\/revisions"}],"predecessor-version":[{"id":666,"href":"https:\/\/www.taouret.fr\/index.php?rest_route=\/wp\/v2\/pages\/125\/revisions\/666"}],"wp:attachment":[{"href":"https:\/\/www.taouret.fr\/index.php?rest_route=%2Fwp%2Fv2%2Fmedia&parent=125"}],"curies":[{"name":"wp","href":"https:\/\/api.w.org\/{rel}","templated":true}]}}